{"id":310,"date":"2018-03-08T18:03:06","date_gmt":"2018-03-08T18:03:06","guid":{"rendered":"https:\/\/www.parquealdama.org.mx\/?page_id=310"},"modified":"2022-06-22T23:00:29","modified_gmt":"2022-06-22T23:00:29","slug":"los-oficios","status":"publish","type":"page","link":"https:\/\/www.parquealdama.org.mx\/?page_id=310","title":{"rendered":"Taller de oficios"},"content":{"rendered":"\n<p><iframe loading=\"lazy\" src=\"https:\/\/www.youtube.com\/embed\/QmXAUNmNzm8\" allowfullscreen=\"allowfullscreen\" width=\"560\" height=\"315\" frameborder=\"0\"><\/iframe><\/p>\n\n\n\n<p>Los oficios preparan para entrar en el trabajo de las Disciplinas. Un oficio ense\u00f1a a proporcionar internamente, a hacer equilibradamente. Se va adquiriendo proporci\u00f3n interna gracias a ese trabajo externo mientras aparecen problemas de exactitud y de detalle. Hay un tono que asocia estados internos con operaciones externas. Una Disciplina, en cambio, muestra un camino de transformaci\u00f3n interna. En los oficios se trabaja tratando de lograr pulcritud, proporci\u00f3n y orden al mismo tiempo que se va logrando permanencia. Se aprende a trabajar equilibradamente y estos oficios pueden tener distintas tem\u00e1ticas, pueden ser materiales, pl\u00e1sticos, o perfumer\u00eda, etc. Tienen sus reglas de trabajo, sus trucos y secretos de Oficio. Lo \u00fanico que hemos trabajado es alfarer\u00eda, metales y, por \u00faltimo, los vidrios. Es una franja de trabajo que tiene que ver con los hornos, referida a sustancias que se transforman. Es distinto a la perfumer\u00eda donde los fuegos son escasos. S\u00f3lo se usa fuego cuando se preparan esencias y perfumes por medio de la destilaci\u00f3n. Pero en toda la perfumer\u00eda, excepto la sint\u00e9tica, el fuego no participa. En los Oficios que conocemos m\u00e1s de cerca hay fuegos. En las cer\u00e1micas el fuego es esencial. De todas maneras, es un interesante trabajo este oficio material y tambi\u00e9n el proleg\u00f3meno sobre esto, el trabajo sobre el fuego, que nos permite reproducir c\u00f3mo se origino y c\u00f3mo se produjo. Se lo invent\u00f3 mucho despu\u00e9s de haber aprendido a conservarlo. No se trataba de robar y conservar el fuego, sino de producirlo. Trabajamos las distintas formas de conservaci\u00f3n, pero es la producci\u00f3n la que requiere m\u00e1s pulcritud. Si un ciudadano intenta producir fuego ahora no le resulta f\u00e1cil. El trabajo con el fuego y con los hornos es importante. El tema de los oficios es muy amplio y nosotros andamos en los comienzos de esto. Se va adquiriendo proporci\u00f3n interna gracias a este trabajo externo, mientras se aprende. En general decimos que la gente que se acerca a una Disciplina, debe tener manejo m\u00ednimo de alg\u00fan oficio. Ser\u00e1 bueno disponer de talleres en los Parques, Centros de Estudio y Trabajo. Que la gente pueda trabajar en ellos. De ese modo podr\u00e1 relacionar lo que pasa en la cabeza con este tipo de trabajos.<\/p>\n\n\n\n<p>Eduardo Gozalo<\/p>\n\n\n\n<h2 class=\"wp-block-heading\"><span style=\"color: #ff6600;\"><strong>Algunos materiales sobre oficios:<\/strong><\/span><\/h2>\n\n\n\n<p><a href=\"https:\/\/www.parquealdama.org.mx-content\/uploads\/2018\/04\/Manual_de_Juegos_del_MH-31_08_2014.pdf\" target=\"_blank\" rel=\"noopener\">Manual de Juegos del Movimiento Humanista 31_08_2014<\/a><\/p>\n\n\n\n<p><a href=\"https:\/\/www.parquealdama.org.mx-content\/uploads\/2018\/04\/Oficio_del_Fuego.pdf\" target=\"_blank\" rel=\"noopener\">Oficio del Fuego<\/a><\/p>\n\n\n\n<p><a href=\"https:\/\/www.parquealdama.org.mx-content\/uploads\/2018\/04\/Comentarios_sobre_el_eneagrama_sextenario.pdf\" target=\"_blank\" rel=\"noopener\">Comentarios sobre el eneagrama sextenario<\/a><\/p>\n\n\n\n<p><a href=\"https:\/\/www.parquealdama.org.mx-content\/uploads\/2018\/04\/GLOSARIO.doc\" target=\"_blank\" rel=\"noopener\">Glosario<\/a><\/p>\n\n\n\n<p><a href=\"https:\/\/www.parquealdama.org.mx-content\/uploads\/2018\/06\/INTRODUCCION-A-LA-PERFUMERIA_NUESTRO-OFICIO-1.pdf\">Introducci\u00f3n a la perfumeria<\/a><\/p>\n\n\n\n<p><a rel=\"noopener\" href=\"https:\/\/www.parquealdama.org.mx-content\/uploads\/2018\/04\/LA-PIEDRA.-SILO.pdf\" target=\"_blank\">La Piedra. Silo<\/a><\/p>\n\n\n\n<figure class=\"wp-block-image size-full\"><img loading=\"lazy\" decoding=\"async\" width=\"872\" height=\"618\" src=\"https:\/\/www.parquealdama.org.mx\/wp-content\/uploads\/2018\/10\/portada-carpeta-naranja.png\" alt=\"\" class=\"wp-image-1169\" srcset=\"https:\/\/www.parquealdama.org.mx\/wp-content\/uploads\/2018\/10\/portada-carpeta-naranja.png 872w, https:\/\/www.parquealdama.org.mx\/wp-content\/uploads\/2018\/10\/portada-carpeta-naranja-300x213.png 300w, https:\/\/www.parquealdama.org.mx\/wp-content\/uploads\/2018\/10\/portada-carpeta-naranja-768x544.png 768w\" sizes=\"(max-width: 872px) 100vw, 872px\" \/><\/figure>\n","protected":false},"excerpt":{"rendered":"<p>Los oficios preparan para entrar en el trabajo de las Disciplinas. Un oficio ense\u00f1a a proporcionar internamente, a hacer equilibradamente. Se va adquiriendo proporci\u00f3n interna gracias a ese trabajo externo mientras aparecen problemas de exactitud y de detalle. Hay un tono que asocia estados internos con operaciones externas. Una Disciplina, en cambio, muestra un camino [&hellip;]<\/p>\n","protected":false},"author":1,"featured_media":0,"parent":0,"menu_order":0,"comment_status":"closed","ping_status":"closed","template":"fullwidth.php","meta":{"footnotes":""},"_links":{"self":[{"href":"https:\/\/www.parquealdama.org.mx\/index.php?rest_route=\/wp\/v2\/pages\/310"}],"collection":[{"href":"https:\/\/www.parquealdama.org.mx\/index.php?rest_route=\/wp\/v2\/pages"}],"about":[{"href":"https:\/\/www.parquealdama.org.mx\/index.php?rest_route=\/wp\/v2\/types\/page"}],"author":[{"embeddable":true,"href":"https:\/\/www.parquealdama.org.mx\/index.php?rest_route=\/wp\/v2\/users\/1"}],"replies":[{"embeddable":true,"href":"https:\/\/www.parquealdama.org.mx\/index.php?rest_route=%2Fwp%2Fv2%2Fcomments&post=310"}],"version-history":[{"count":9,"href":"https:\/\/www.parquealdama.org.mx\/index.php?rest_route=\/wp\/v2\/pages\/310\/revisions"}],"predecessor-version":[{"id":1306,"href":"https:\/\/www.parquealdama.org.mx\/index.php?rest_route=\/wp\/v2\/pages\/310\/revisions\/1306"}],"wp:attachment":[{"href":"https:\/\/www.parquealdama.org.mx\/index.php?rest_route=%2Fwp%2Fv2%2Fmedia&parent=310"}],"curies":[{"name":"wp","href":"https:\/\/api.w.org\/{rel}","templated":true}]}}