{"id":76,"date":"2018-03-06T22:49:32","date_gmt":"2018-03-06T22:49:32","guid":{"rendered":"https:\/\/www.parquealdama.org.mx\/?page_id=76"},"modified":"2018-06-20T02:35:25","modified_gmt":"2018-06-20T02:35:25","slug":"como-llegar","status":"publish","type":"page","link":"https:\/\/www.parquealdama.org.mx\/?page_id=76","title":{"rendered":"C\u00f3mo llegar"},"content":{"rendered":"<p>El Parque Aldama est\u00e1 en la Comunidad de Aldama, Municipio de Jilotepec, en el l\u00edmite del Estado de M\u00e9xico con el Estado de Hidalgo al Noroeste de la Cd. de M\u00e9xico.<\/p>\n<h2><span style=\"color: #ff6600;\">C\u00f3mo llegar en autob\u00fas<\/span><\/h2>\n<p>De la Ciudad de M\u00e9xico, en la Central de Autobuses del Norte, tomar el autob\u00fas de la l\u00ednea Herradura de Plata a Jilotepec. En Jilotepec, tomar\u00a0una micro a Canalejas y luego, en Canalejas tomar otro micro a Aldama. Costo: $146 pesos viaje redondo. Duraci\u00f3n del trayecto: 3 horas.<br \/>\nSe puede reducir el tiempo del trayecto tomando un taxi desde Jilotepec a Aldama. Costo m\u00e1ximo del taxi: 100 pesos.<\/p>\n<h2><span style=\"color: #ff6600;\">C\u00f3mo llegar en autom\u00f3vil<\/span><\/h2>\n<p>Desde la Ciudad de M\u00e9xico\u00a0se puede llegar por la autopista a Quer\u00e9taro \u00f3 desde la\u00a0zona oriente de la Ciudad, por el libramiento Mexiquense.<br \/>\nEn el km. 81 de la autopista a Quer\u00e9taro se toma la desviaci\u00f3n a Jilotepec; antes de llegar a esta cabecera municipal, se debe seguir la\u00a0 ruta hacia la comunidad de Canalejas; terminando este poblado, tomar el camino hacia la comunidad de Aldama; 200 metros antes del cruce de este camino con la carretera a Maravillas y frente al poblado de Aldama se encuentra el Parque, cuyo predio es tambi\u00e9n conocido como El Mirador.<\/p>\n<p>Es posible entrar tambi\u00e9n por el kil\u00f3metro 107 de la autoposta a Quer\u00e9taro, pasando por Calpulalpan y luego tomar la desviaci\u00f3n a Aldama.<\/p>\n<p>Desde la Ciudad de Toluca,\u00a0(100 Km) se puede llegar, tomando la carretera a Chapa de Mota.<br \/>\nDe Puebla\u00a0se puede llegar por el libramiento Arco Norte.<\/p>\n<p><iframe loading=\"lazy\" style=\"border: 0;\" src=\"https:\/\/www.google.com\/maps\/embed?pb=!1m14!1m8!1m3!1d59991.2372049311!2d-99.6974623!3d19.9895219!3m2!1i1024!2i768!4f13.1!3m3!1m2!1s0x85d24c39510e384b%3A0x37d489c00038b3ac!2sParque+Aldama!5e0!3m2!1ses-419!2smx!4v1529428431620\" width=\"600\" height=\"450\" frameborder=\"0\" allowfullscreen=\"allowfullscreen\"><\/iframe><\/p>\n","protected":false},"excerpt":{"rendered":"<p>El Parque Aldama est\u00e1 en la Comunidad de Aldama, Municipio de Jilotepec, en el l\u00edmite del Estado de M\u00e9xico con el Estado de Hidalgo al Noroeste de la Cd. de M\u00e9xico. C\u00f3mo llegar en autob\u00fas De la Ciudad de M\u00e9xico, en la Central de Autobuses del Norte, tomar el autob\u00fas de la l\u00ednea Herradura de [&hellip;]<\/p>\n","protected":false},"author":1,"featured_media":0,"parent":0,"menu_order":0,"comment_status":"closed","ping_status":"closed","template":"","meta":{"footnotes":""},"_links":{"self":[{"href":"https:\/\/www.parquealdama.org.mx\/index.php?rest_route=\/wp\/v2\/pages\/76"}],"collection":[{"href":"https:\/\/www.parquealdama.org.mx\/index.php?rest_route=\/wp\/v2\/pages"}],"about":[{"href":"https:\/\/www.parquealdama.org.mx\/index.php?rest_route=\/wp\/v2\/types\/page"}],"author":[{"embeddable":true,"href":"https:\/\/www.parquealdama.org.mx\/index.php?rest_route=\/wp\/v2\/users\/1"}],"replies":[{"embeddable":true,"href":"https:\/\/www.parquealdama.org.mx\/index.php?rest_route=%2Fwp%2Fv2%2Fcomments&post=76"}],"version-history":[{"count":0,"href":"https:\/\/www.parquealdama.org.mx\/index.php?rest_route=\/wp\/v2\/pages\/76\/revisions"}],"wp:attachment":[{"href":"https:\/\/www.parquealdama.org.mx\/index.php?rest_route=%2Fwp%2Fv2%2Fmedia&parent=76"}],"curies":[{"name":"wp","href":"https:\/\/api.w.org\/{rel}","templated":true}]}}